 9?
9
Let r = 2 - 0. Suppose 0 = 5*x + 3*s - 5 - 32, r*s - 3 = x. What is the greatest common factor of x and 25?
5
Let a = 3 + -2. Let h be (-12)/9*-21 - a. Calculate the highest common factor of h and 18.
9
Suppose 4*m + m + 30 = 0. Let n(a) = -13*a - 8. Let j be n(m). What is the greatest common divisor of 14 and j?
14
Let w = 123 - 53. Suppose 4*j = -j + w. What is the greatest common divisor of 126 and j?
14
Suppose y = -y + 350. Calculate the greatest common factor of 35 and y.
35
Suppose 4 = 8*o - 20. Let v = -12 - -38. Suppose h = l + 2*l - 10, -3*l + v = -5*h. What is the greatest common factor of o and l?
1
Let b(v) = -v**2 + 6*v + 2. Let u be b(5). Calculate the greatest common factor of 21 and u.
7
Let s be (-27)/(-3) - -2 - 1. Let u be (-13863)/15 + 2/s. Let c be (4/(-6))/(4/u). What is the greatest common divisor of 14 and c?
14
Suppose 0 = 4*n + 7 - 23. Suppose -2*z = -4*w - 0*w + 22, -n*w + 5*z = -25. What is the greatest common divisor of 5 and w?
5
Let y(f) = -122*f**3 + f. Let a be y(-1). Suppose -r + 47 = 2*v + 5, v - 26 = 2*r. Let l be ((-5)/(-2))/5*v. What is the highest common factor of a and l?
11
Let m(v) = -7*v + 17. Let a be m(-7). What is the greatest common divisor of 6 and a?
6
Let v(d) = -2*d - 26. Let i be v(-16). What is the highest common factor of i and 4?
2
Let b(c) = -7*c + 21. Let w be b(-9). Calculate the greatest common factor of w and 21.
21
Let c(f) = 2 + 1 - 5*f - 2. Let v be c(-2). Suppose 0 = -8*h + 592 + 200. Calculate the greatest common divisor of h and v.
11
Let l = -2 + 6. Suppose -198 = -l*x + 2*x. Calculate the greatest common divisor of 11 and x.
11
Let z be (-3)/(3 + 148/(-48)). Calculate the greatest common divisor of 27 and z.
9
Let d = -7 + 5. Let s = 0 - d. What is the greatest common factor of s and 22?
2
Let p = -1 + 9. Let v be (1 - (-1)/(-4))*p. What is the highest common divisor of 66 and v?
6
Suppose -m + 20 + 0 = 0. Suppose 6*o - m = o. Suppose -o*f = -9*f + 35. Calculate the highest common divisor of 56 and f.
7
Let h be (-2)/(-8) - 15/(-4). Suppose 3*l + 3*z = -2 + 17, 0 = l - 4*z - 30. What is the greatest common factor of h and l?
2
Let q = -7 + 7. Suppose -s + 21 = -q*s. What is the greatest common factor of 3 and s?
3
Suppose 4*r - 3*g - 5 = 0, -2*r - 2*g = -6*r + 6. Suppose -2*a = 2*q - 12, -r*a - 3*q = -3 - 8. Calculate the highest common factor of a and 63.
7
Let p(t) = -t**3 + 4*t**2 + 2*t. Let h be p(4). What is the greatest common factor of 20 and h?
4
Suppose b = -0*b + 5. Suppose 0 = -b*a + 27 + 18. Suppose -3*r + 1 = -u + a, 4*u - 32 = r. What is the greatest common factor of u and 12?
4
Suppose -7*u + 146 = -92. What is the highest common factor of u and 238?
34
Let q(u) = -27*u + 1. Let z be q(-1). Let l = z + -6. What is the highest common divisor of 66 and l?
22
Suppose 8 + 5 = m - 4*z, z + 6 = 3*m. Let p be (m + -4)*24/(-2). Calculate the greatest common factor of 18 and p.
18
Let x = -19 - -36. What is the greatest common divisor of x and 17?
17
Let w be 1/5 + (-976)/(-20). Let l be (-259)/(-35) + (-4)/10. What is the highest common factor of w and l?
7
Let n = -22 + 23. Suppose -15 = -4*j + n. What is the greatest common divisor of j and 8?
4
Suppose 2*h - 2 = -2*t, t + 4*t + 3*h = 9. Suppose 2*p = -t*r + 46, 4*p + 17 = r + 5*p. Calculate the highest common factor of 18 and r.
6
Let s be (-108)/(-20) - (-2)/(-5). Calculate the highest common factor of s and 25.
5
Suppose -2*j - 3*f + 2 = -3, 4*j - 3*f = 19. Suppose 72 = j*i - 5*p, 2*i = -3*i + 5*p + 85. Calculate the greatest common factor of i and 13.
13
Let m(t) = 3*t**2 + 9*t + 34. Let d be m(-4). What is the greatest common factor of 69 and d?
23
Suppose 10*g - 121 - 19 = 0. Calculate the highest common factor of 42 and g.
14
Let p(v) = 2*v**2 + 3*v - 2. Let z be p(-5). Suppose -81 + z = -2*d. What is the greatest common factor of d and 216?
24
Suppose -k = -j + 37, 4*j = 5*k - 4*k + 136. Let q(v) = -2*v + 1. Let n be q(-1). Let f = 6 - n. What is the highest common factor of j and f?
3
Let a(n) = -n**2 - 4*n + 4. Let g be a(-4). Calculate the greatest common factor of g and 28.
4
Suppose 2*l + 34 = a, 2*a = 5*a + l - 95. What is the highest common divisor of 4 and a?
4
Let f be 7 + 4/(-12)*-3. Let w be ((-4)/f)/(2/(-44)). Calculate the greatest common factor of 33 and w.
11
Let x = 17 - 11. Let d = -154 - -157. Calculate the greatest common divisor of d and x.
3
Suppose 4*g + 132 = -4*t, 0 = -4*t - g - 2*g - 132. Let k be (-11)/t + 592/6. Calculate the greatest common divisor of 9 and k.
9
Let o(p) = -p**2 + 5*p - 2. Let n be o(3). Suppose 2*h - 28 = n*h. Let l be (-2 - 16/h)*-7. What is the greatest common factor of 4 and l?
2
Suppose -t = 2*t + 4*x - 643, 3*x - 1057 = -5*t. What is the highest common divisor of 19 and t?
19
Let b(x) = -2*x**3 - x**2 - 2*x - 1. Let y be b(-2). Suppose -3*h + 4*h = y. Suppose -15 = -2*a + 15. Calculate the greatest common divisor of h and a.
15
Let a(o) = -o**3 + 7*o**2 + 9*o + 2. Let s = 12 - 4. Let c be a(s). Let x be (1 + (-3)/5)*25. What is the greatest common factor of x and c?
10
Suppose 20 = 3*y + 2*y. Calculate the greatest common divisor of y and 20.
4
Let q = 6 - 6. Suppose q = -3*o + 2*w - 0*w + 2, -3 = -o + 3*w. Let s = 1 + o. What is the highest common factor of 1 and s?
1
Let u = -155 + 327. What is the highest common factor of 43 and u?
43
Suppose j = -w - 0*j, 3*w + 4*j = 0. Suppose w*a - 140 = -4*a. What is the highest common divisor of a and 5?
5
Let l = -5 + 5. Suppose l*h - 144 = -2*h. What is the greatest common divisor of h and 9?
9
Let u be 2/6 - 627/(-9). Calculate the greatest common divisor of u and 14.
14
Let h = 6 + -5. Let j be (h/3)/(4/456). What is the greatest common factor of j and 95?
19
Let a(l) = -l + 19. Let d be a(8). What is the greatest common divisor of d and 1?
1
Let g be 37/4 + 11/(-44). Calculate the highest common divisor of 72 and g.
9
Let z(f) = -39*f + 19. Let k be z(-3). What is the greatest common divisor of 17 and k?
17
Let f(x) = 329*x + 1. Let l be f(1). What is the greatest common divisor of 33 and l?
33
Suppose 54 + 34 = 11*q. What is the greatest common factor of 20 and q?
4
Let t(d) = 7*d**3 - 1. Let h be t(-1). Let o be (18/h)/((-3)/96). What is the greatest common factor of o and 8?
8
Let y = -1 - -6. Suppose 0 = 5*q + 25, 0 = y*f + 3*q - 19 - 16. Suppose -s + 4 = 4*h - 9, 3*s - 7 = 4*h. Calculate the highest common factor of h and f.
2
Suppose 2*j + 1 = 3*j. Let t = 2 + j. Suppose -5*x - b = -20, 2*x + t*b - 26 = -b. Calculate the greatest common divisor of 15 and x.
3
Let p(j) = -j**3 - j**2 + 3*j + 3. Let w(t) = -t**3 + 4*t**2 + 3*t + 7. Let r be w(5). Let l be p(r). What is the highest common factor of l and 36?
12
Suppose -t = -5*y + 4*t + 15, -3 = 3*y + 3*t. Let n be 28/(7 - 3) + y. What is the greatest common factor of 32 and n?
8
Let x(k) = -k**3 + 6*k**2 - k - 2. Let m be x(5). What is the highest common factor of m and 54?
18
Let o(c) = -c - 1 + 2 + 0. Let w be o(0). Suppose 0 = -4*z + 8, 4 = 2*b - 4*z + z. What is the greatest common factor of w and b?
1
Suppose 45 = 3*h - 2*h. What is the highest common factor of 9 and h?
9
Let p be -4 + 0/((-9)/3). Let s be 1 - -14 - p/(-2). What is the greatest common divisor of s and 13?
13
Let j(f) = -f**3 - 6*f**2 + 3*f - 10. Let h be j(-8). Let d = h - 60. Calculate the highest common factor of d and 17.
17
Suppose 2*l = 4*j + 3*l + 35, 4*l = 3*j + 31. Let h(k) = -k - 5. Let d be h(j). Suppose b + 36 = 4*b. What is the greatest common divisor of b and d?
4
Let w(o) = 3*o**2 - 9*o - 18. Let j be w(9). What is the greatest common divisor of 18 and j?
18
Let g(z) = z**3 + 11*z**2 + 11*z + 11. Let x be g(-10). Let d be 89/2 - x/(-2). What is the highest common divisor of d and 9?
9
Let z(v) be the third derivative of -5*v**4/24 + v**3/3 - v**2. Let p be z(-10). Calculate the highest common divisor of 13 and p.
13
Suppose y = -5*y + 12. Suppose -d + 32 = d. Calculate the greatest common factor of y and d.
2
Let v = -43 + 50. Calculate the greatest common divisor of v and 1.
1
Let z(s) = 50*s**2 + 5*s + 4. Let y be z(-1). Calculate the highest common divisor of 49 and y.
49
Suppose -1 = u - 5. Suppose m - 3*m = -u*b - 26, 4*b = m - 19. What is the highest common